s divided by 16 - (-13)/26*6?
16
What is the remainder when (3436/(-6) - 2)/((-11)/(-165)*-10) is divided by 9?
7
Suppose 30 = h + 103*j - 101*j, -h + 15 = 5*j. Calculate the remainder when 2159 is divided by h.
39
Let s(x) = -10*x + 2. Let y be s(2). Let o be y/(-4)*(-4)/(-3). Calculate the remainder when o*12/(-27)*(-6)/4 is divided by 3.
1
Suppose 169*y + 1306612 = 623*y. What is the remainder when y is divided by 48?
46
Suppose 0 = -s + 3*s - 5*c - 77, -83 = -3*s + c. Let x = 4501 - 4488. What is the remainder when s is divided by x?
0
Let z = 37 + -21. Let h be 9/(819/(-572)) + (-2)/(-7). Calculate the remainder when (47/(-1))/((-4 + 10)/h) is divided by z.
15
Let i(k) = 1188*k + 2381. What is the remainder when 1416 is divided by i(-2)?
1
Let k(v) = 513*v + 521. Calculate the remainder when 516 is divided by k(-1).
4
Suppose 280*z + 276*z = 548*z + 40. Let s(t) = 37*t**3 + t**2 - t + 1. Suppose -1 + 3 = 2*p. What is the remainder when s(p) is divided by z?
3
Let g = -850 - -524. Let s = -90 - g. Calculate the remainder when s is divided by 12.
8
Let d(n) = 8*n**2 + 127*n + 174. What is the remainder when d(-18) is divided by 42?
18
Suppose -592*g = -576*g - 352. Let o = 45 - -64. Calculate the remainder when o is divided by g.
21
Let k(n) = -n**3 + n**2 - n + 5. Let y be k(3). Let w be y/((10/8)/(-5)). Suppose 18*z - 22*z = -w. Calculate the remainder when 57 is divided by z.
9
Let h = -174 + 422. Suppose -4*b = -y - 223, -4*b - 5*y = -y - h. What is the remainder when 280 is divided by b?
52
What is the remainder when 318/(-9)*54/(-18) is divided by 74?
32
Let g(i) = -2*i**2 + 16*i - 6. Let j be g(11). What is the remainder when 23 is divided by j/9 + 16 - 1*-5?
10
Let q = -2040 - -2086. What is the remainder when 712 is divided by q?
22
Let j(z) = 3*z**3 + 16*z**2 + 3*z + 11. What is the remainder when 536 is divided by j(-3)?
16
Let f = 62 - 98. Let z(q) = -3*q**3 + q**2 + 3*q - 3. Let u be z(1). Calculate the remainder when 125 is divided by u/8 - 765/f.
20
Let y = 185 - 157. What is the remainder when 67 is divided by 17*(16/y)/(4/14)?
33
Suppose t - 12 = -10*d + 8*d, 4*t = -d - 8. Suppose d*a - 182 = 154. Calculate the remainder when a is divided by 11.
9
Let l(r) = 59*r + 2. Suppose -14*q + 4*w = -19*q + 50, 50 = 5*q - 7*w. Calculate the remainder when l(4) is divided by q.
8
Suppose 80*h - 21642 - 20658 - 51220 = 0. Calculate the remainder when h is divided by 157.
70
Let l = 162 + -116. Suppose 10*y - l = 44. Calculate the remainder when 49 is divided by y.
4
Suppose 3*r - 69 = 3. Let m(u) = 19*u - 14. Let a be m(6). Let s = a - 86. What is the remainder when r is divided by s?
10
Suppose 0 = -2*w + 5*p + 211, -3*w - 3*p - 538 + 886 = 0. What is the remainder when 3954 is divided by w?
112
Suppose 18*m = -771 + 969. Calculate the remainder when 6517 is divided by m.
5
Let n = -76980 + 77004. Let j = -107 + 154. What is the remainder when j is divided by n?
23
Suppose -835*x + 844*x = 729. What is the remainder when 378 is divided by x?
54
Let z(g) = 5*g - 82. Let u(h) = 3*h - 41. Let s(x) = -13*u(x) + 6*z(x). Suppose 16 = -4*p + 6*p. Calculate the remainder when s(3) is divided by p.
6
Suppose -2*u = -4*u + 52. What is the remainder when (-1)/(((-840)/(-20))/6 - 309/44) is divided by u?
18
Let l = 2483 + -2452. What is the remainder when 13328 is divided by l?
29
Suppose -79*a = 77 + 2. Calculate the remainder when (a/(-3)*2)/((-122)/(-70638)) is divided by 30.
26
Suppose 8*m - 729 = -m. Let c = m + -54. Suppose 80 = -0*r + 5*r. What is the remainder when c is divided by r?
11
Suppose 105 = -5*o + 10*o. Suppose 0 = 4*m + o - 1, -2*z + 4*m = -58. What is the remainder when 109 is divided by z?
14
Let m be 27/(1/(-2) + 2). Suppose 0 = -m*z + 20*z - 3*l - 216, l = -4*z + 432. What is the remainder when 425 is divided by z?
101
Let y(a) = 163*a**2 + 30*a + 30. Calculate the remainder when 426 is divided by y(-1).
100
Let k = -10 - -35. Let y be ((-1)/(-3))/((-30)/29790). Let l = 374 + y. What is the remainder when l is divided by k?
18
Suppose -279 - 3490 + 363 = -131*j. Calculate the remainder when 125 is divided by j.
21
Suppose 4*w = -0*w + 8. Let j(n) = n**3 + 14*n**2 + 76*n + 302. What is the remainder when j(-9) is divided by w?
1
Suppose -92*o + 316 = 2*d - 87*o, 0 = 4*o + 16. Calculate the remainder when 9575 is divided by d.
167
Suppose -32*y - 92*y - 1774 = -8222. Calculate the remainder when y is divided by 18.
16
Suppose -20*z = -15*z + y - 8, -3*z + 4*y = -14. What is the remainder when 27 is divided by z?
1
Let w be 233/(-5) + ((-24)/(-15))/(-4). Let j = w - -47. Let i = j - -21. What is the remainder when 79 is divided by i?
16
Suppose 0 = 2*m - 2, -89 = 1022*s - 1024*s + 5*m. What is the remainder when 127 is divided by s?
33
Let s = 14921 - 14914. Let q(m) = m**2 + 5*m + 3. Calculate the remainder when q(-8) is divided by s.
6
Let i(j) = j**3 + 8*j**2 + 15*j - 32. Let l be i(-9). What is the remainder when (-1 + 0)*(l - -7) is divided by 41?
36
Let z(l) = 8*l + 29. Let u = -121 - -121. What is the remainder when z(u) is divided by 22?
7
Suppose -243 = -h + 78. Let s = h + -138. Let f = 14 + 23. Calculate the remainder when s is divided by f.
35
Let f(w) = -w**2 - 11*w + 13. Let c be f(-9). Suppose 0 = -3*k + c + 44. What is the remainder when 582/4*(88/24 - 3) is divided by k?
22
Suppose 281*l - 275*l = 222. Calculate the remainder when 103 is divided by l.
29
Let l = -333 - -433. What is the remainder when l is divided by 10/10 + 1 + (26 - 1)?
19
Suppose -1045 = r - 6*r. Let t(b) = -4*b**3 + 18*b**2 + 106*b - 341. Calculate the remainder when r is divided by t(3).
23
Let t(f) = f**2 - 133*f - 1103. Suppose 2*n = 2*i - 3*n - 202, 2*i + 3*n - 186 = 0. Calculate the remainder when i is divided by t(-8).
21
Let n = -267 + 293. Calculate the remainder when n - 1 - (1 + 0/8) is divided by 13.
11
Let s(o) = -o**3 + 25*o**2 + 58*o - 176. Let n be s(27). Let m = 234 - 131. Let y = m + n. Calculate the remainder when 244 is divided by y.
34
Let i = -9008 - -9255. What is the remainder when i is divided by 68?
43
Let p(o) = -3*o - 9. Let s be p(-3). Suppose s = -3*q + t + 82, q - 8*t - 31 = -4*t. Calculate the remainder when 215 is divided by q.
26
Let f(j) = j**2 - 10*j - 14. Let d be f(13). Suppose d*g = 3*g + 5192. Calculate the remainder when g is divided by 20.
16
What is the remainder when 22/(-1815)*-45 - (-313)/11 is divided by 23?
6
Let y(g) = 42*g + 4735. What is the remainder when 164 is divided by y(-111)?
18
Suppose -13*v = -0*v + 11*v - 3864. Let q = 21 - -7. What is the remainder when v is divided by q?
21
Let j be -5 - 3 - (-89 + 9). Let t(f) = f**3 + 2*f**2 - 2*f - 2. Let w be t(-2). Calculate the remainder when (j - 15) + w*(-6)/(-4) is divided by 31.
29
Suppose -2*x + 54 = -3*g, 0 = 3*x + 2*x + 4*g - 158. Suppose 114*o - 73*o = 328. What is the remainder when x is divided by o?
6
Let r be -3 - 8/(16/(-66)). Suppose 3*k - 2*f - r - 9 = 0, 3*k - 3*f - 42 = 0. Calculate the remainder when 195 is divided by k.
8
Let v(h) = 5*h**2 + 156*h + 457. What is the remainder when 385 is divided by v(-28)?
7
Calculate the remainder when 509 is divided by 7/((-5)/5) - -80.
71
Let l(a) = -a**3 + 5*a**2 + 24*a - 69. What is the remainder when 306 is divided by l(7)?
0
Suppose 0 = 9*i - 10*i + 3. Suppose -9 = -s - 4, -l - i*s = -76. Let g(f) = 2*f**2 - 7*f + 5. What is the remainder when l is divided by g(4)?
7
Suppose 5*f = h + 3308, 4*f + 6*h = 3*h + 2635. Let n = f - 621. Calculate the remainder when 159 is divided by n.
39
Let k = 15258 + -15194. Calculate the remainder when 1402 is divided by k.
58
Let l(h) = -6*h + 64. Let g be l(0). What is the remainder when 132 is divided by g/(-40)*(-140)/8?
20
Suppose 0 = -116*c - 190198 + 202958. Let z(y) = -8*y. Calculate the remainder when c is divided by z(-2).
14
Suppose -94*v + 66*v + 364 = 0. Calculate the remainder when 2104 is divided by v.
11
Suppose 161*y - 4236 = 4297. Let b = -58 - -178. Calculate the remainder when b is divided by y.
14
Suppose -4*v - 32*b = -27*b - 117, -5*b = -5*v + 90. What is the remainder when 124 is divided by v?
9
Let n(w) = 2*w**3 + 2*w**2 + 4*w - 2. What is the remainder when 2208 is divided by n(3)?
76
Suppose -a + 0*a = 0. Suppose 4*i